actors of q.
3011
Suppose 0 = -5*g + 4*g. Suppose g*w + 4*w = 616. Suppose 3*l - w = 5*s, -2*l - 4*s + 7*s + 101 = 0. What are the prime factors of l?
43
Suppose -17*x = -12*x - 105. Suppose -5*p + 170 = -2*b, -9*p = -10*p + 3*b + x. What are the prime factors of p?
2, 3
Let a(m) = 15*m - 4. Let d be 6/5*15/6. What are the prime factors of a(d)?
41
Let i = 30 + -27. Suppose -2*l - 187 = -i*u - 3*l, 5*u - 3*l - 307 = 0. What are the prime factors of u?
2, 31
Let b be 4/6 - 12/18. List the prime factors of 106 + 5/15*b.
2, 53
Suppose -w = -9*a + 10*a - 108, -3*a + 216 = 2*w. What are the prime factors of w?
2, 3
Let f(n) = -14*n + 19. List the prime factors of f(-12).
11, 17
Suppose -6*t + 8883 + 147 = 0. What are the prime factors of t?
5, 7, 43
Let k = 242 + -71. Let r = -114 + k. Let s = r + -40. What are the prime factors of s?
17
Suppose 5215 = 4*b - 5*t, 3*b + 5191 = 7*b + 3*t. List the prime factors of b.
2, 5, 13
Let s = 245 + -74. Suppose -s = -7*y + 186. List the prime factors of y.
3, 17
Let a = 2233 + -1282. What are the prime factors of a?
3, 317
Suppose -l = -89 - 116. What are the prime factors of l?
5, 41
Let m = 320 - -234. List the prime factors of m.
2, 277
Let j = -168 + 416. What are the prime factors of j?
2, 31
Let b(r) = 2*r**2 + 3*r - 1. Let s be b(-4). Let o = s + -8. Suppose o = u - 0. List the prime factors of u.
11
Let y = -19 + 22. Suppose 1 = -y*j + 7. Suppose -111 = -j*c - c. What are the prime factors of c?
37
Suppose 8*n = 4*n. List the prime factors of n - (3 - 32/1).
29
Suppose -i + 4 + 14 = 0. Suppose -i*a + 22*a - 244 = 0. What are the prime factors of a?
61
Suppose -3*d + 123 = 2*k - 190, 3*k = 4*d + 512. Let o = k - 43. List the prime factors of o.
11
Suppose -3 = -13*h + 14*h. What are the prime factors of 25*(h + ((-153)/(-15))/3)?
2, 5
Suppose x - 21 = -3*b + 82, -5*b + 25 = 0. Suppose f + 14 = -4*g, 0 = -5*f + 2*g - 4*g - x. What are the prime factors of 2/4 + (-63)/f?
2
Let g(h) be the second derivative of -h**6/240 - h**5/30 - h**4/4 + 2*h. Let s(p) be the third derivative of g(p). List the prime factors of s(-14).
2, 19
Let x(g) = g**2 - 3. Let j be x(2). List the prime factors of (j - (-3)/(-2))*(-173 - -7).
83
List the prime factors of (1 + -3 + 1)/((-20)/9980).
499
Let z = -277 - -528. List the prime factors of z.
251
Let b be 4 + (-9)/((-18)/(-8)). Suppose 5*y = 4*p - 397, -2*p + 5*y = -b*p - 201. What are the prime factors of p?
2, 7
Let u(g) = g**3 + 2*g**2 + g + 373. List the prime factors of u(0).
373
Let i(h) = 9*h**3 + 2*h**2 - 2*h - 1. Suppose 1 + 19 = 10*z. What are the prime factors of i(z)?
3, 5
Let n = -7 - -11. Suppose 506 = 3*k - n*b, 3*k - 5*b + 654 = 7*k. What are the prime factors of k?
2, 83
Let x(o) = o + 2. Let n be x(1). Suppose -4*r - n*d + 387 = 0, -5*r + d + 502 = 42. List the prime factors of r.
3, 31
Suppose -5*x + 10 = -5. Let c be ((-4)/(-4))/(x - 2). What are the prime factors of (-14 + 11)*-1*c?
3
Let t = -406 - -485. What are the prime factors of t?
79
Suppose -570 = -v + 5*u, 2*v - 58*u + 55*u - 1133 = 0. List the prime factors of v.
5, 113
What are the prime factors of 24 + 1*0/(-3)?
2, 3
Let j(c) be the second derivative of -c**5/20 - c**4/3 + 2*c**3/3 + c**2 + 11*c. Suppose 4*s - 1 + 21 = 0. List the prime factors of j(s).
7
Let g(p) = 267*p**2 + 3*p - 5. List the prime factors of g(-2).
7, 151
Suppose -14 = -k - 6*k. What are the prime factors of k?
2
Let b = 338 - 217. Let h = -206 + b. List the prime factors of 3/(-2) - h/2.
41
Let t(p) = -10*p**3 - p**2. Let c be t(1). Let j be (-651)/c + (-4)/22. Suppose 0 = 4*g - 6*l + l - j, -2*g = -3*l - 27. What are the prime factors of g?
3, 7
Let b = -16 - -18. Suppose -3*l + 3*p = -297, b*p = -2 - 6. Suppose l = 5*o - 3*y, -2*o + 5 + 29 = -2*y. What are the prime factors of o?
2, 11
Suppose 18*q + 3954 = 13116. List the prime factors of q.
509
Let u(k) = k**3 + k + 2. Let c be u(0). List the prime factors of (25 + 6)*(c - 1).
31
Let m(i) = 8*i**2 - 7*i - 5. Let f(k) = k**2 - k - 1. Let p(c) = -4*f(c) + m(c). List the prime factors of p(3).
2, 13
Suppose u = 3*u - 330. Let g = -203 - -208. Suppose -g*t + 2*w + u = 0, -4*t = -6*t - 2*w + 80. List the prime factors of t.
5, 7
Suppose -6*x = -2647 + 637. List the prime factors of x.
5, 67
Suppose -1129 = -2*w - 3*q, 2218 = 7*w - 3*w - 2*q. What are the prime factors of w?
557
Let s(o) = -o**2 + 7*o + 11. Let k be s(8). Suppose -2*g - k*m - 375 = -5*g, 4*g - 3*m = 499. List the prime factors of g.
2, 31
Suppose 3*w + 13 = -w + y, 4*y = -3*w + 14. Let o be 0*(-2)/(-4)*w. Suppose 3*g - 8*g + 50 = o. What are the prime factors of g?
2, 5
Let i(d) = d**2 + 6*d + 2. Let p(q) = q**2 + 7*q + 7. Let z be p(-5). Let m be i(z). Let y(a) = -3*a - 10. What are the prime factors of y(m)?
11
List the prime factors of (-56)/(-7) + -13 - -908.
3, 7, 43
Let a(p) be the first derivative of -p**5/120 + 43*p**4/24 - 11*p**3/3 + 6. Let n(y) be the third derivative of a(y). What are the prime factors of n(0)?
43
Suppose 6*t - 14 - 16 = 0. List the prime factors of (5*17)/(-4 + t).
5, 17
Let k = -4 + 1. Let u be 1/k*58*-3. Let a = -41 + u. What are the prime factors of a?
17
Let h be (-1)/(52/(-12) + 4). Suppose 3 = -r - w, -2*r + h*r = -5*w - 23. Suppose -3*s + 5 = -r*s. What are the prime factors of s?
5
Let c = 42 - 31. List the prime factors of (-770)/(-8) + (c/4)/(-11).
2, 3
List the prime factors of (40/(-12) + 3)/(29/(-36105)).
5, 83
Let h(c) = 2*c + 2. Let k be h(2). Let y(w) = -2*w**2 + 21*w + 8. List the prime factors of y(k).
2, 31
List the prime factors of (-22236)/(-21) + (-2)/(-14).
3, 353
Let w(n) = 6*n - 6. Let l be w(4). Suppose -2*s - 8 = 4*o - l, 2*o = -2*s + 14. Let i = s - -16. List the prime factors of i.
5
Suppose 0 = -3*m - 55 + 4. Let h = m + 24. Let o = h + 38. What are the prime factors of o?
3, 5
Let x(v) be the third derivative of -v**5/60 + 5*v**4/24 - v**3/6 - 3*v**2. Let j(l) = l. Let h be j(2). List the prime factors of x(h).
5
Let k = -27 + 24. What are the prime factors of -2 + 398/4 + k/6?
97
Let n(u) = u**2 + 5*u - 2. Let x(f) = -3*f**2 - 16*f + 5. Let j(o) = 14*n(o) + 4*x(o). Let w = -2 + -5. What are the prime factors of j(w)?
2, 3
Suppose y + 20 = -15. Let x = y + 75. List the prime factors of x.
2, 5
Suppose -5 = -2*s - 3*o, -2*s - o + 6*o + 13 = 0. Suppose -s*v + 2*v = -10. Suppose 39 = -v*q + 134. What are the prime factors of q?
19
Let o(i) = i**2 - 8*i + 12. Let c be o(6). Suppose c*k = -3*k + 3*s + 444, -2*k + 302 = s. List the prime factors of k.
2, 3, 5
Suppose -a + 2 = 0, 2*w - 31 + 9 = 4*a. Let x = 6 - w. Let h = 31 - x. List the prime factors of h.
2, 5
Suppose -6 = m + 2*m + 5*c, -5*m + 6 = 3*c. Suppose 86 = 5*g - b + 3*b, g - 24 = m*b. What are the prime factors of (-160)/(-15)*g/8?
2, 3
Let g = 4 - -11. What are the prime factors of g/(-3) + 3 + 7?
5
Suppose -5*g + k + 317 = 0, -4*k - 2 + 14 = 0. Suppose 2*x - 190 = 7*x. Let z = g + x. What are the prime factors of z?
2, 13
Suppose 3*h - 4*h = -3*q - 818, 4*h = 2*q + 3302. What are the prime factors of h?
827
Let t(l) = 6*l - 5. Let o be t(2). Let b = o - -16. What are the prime factors of b?
23
Let o(n) = 134*n**2 + n + 6. List the prime factors of o(-2).
2, 3, 5
Suppose 7*k + 160 = 4*k - 5*g, -5*k = -4*g + 279. Let o = 120 - k. List the prime factors of o.
5, 7
Suppose 0 = 2*h - 3*s - 3491, 2*h + 5*s = 2*s + 3521. List the prime factors of h.
1753
Let i(s) = -12*s - 45. Let q be i(-4). List the prime factors of 1*q*7384/78.
2, 71
Suppose 5*j - 743 + 203 = 0. Suppose -j = -8*p + 6*p. What are the prime factors of p?
2, 3
Suppose -4*l = 2*i + 2, i + 11 = 2*i - 2*l. Suppose 0 = 4*g + 4*x - 4, 4*g - x + 2*x = -i. List the prime factors of -3*33/(-9) + g.
3
Let c(r) = -6*r**2 - r + 1. Let o be c(1). Let j = o + 9. Suppose 5*f + 75 - 2 = 3*d, -d = -j*f - 23. List the prime factors of d.
2, 13
Let s(h) = -h**3 + 5*h**2 + 16*h + 53. What are the prime factors of s(-8)?
757
List the prime factors of (-88081)/(-35) + 16/40.
3, 839
Suppose -7*n = -3*n - 52. Suppose 0 = -n*h + 10*h + 1026. What are the prime factors of h?
2, 3, 19
Let l be (4/2)/((-294)/(-48) - 6). Let c(q) = -4*q**2 + 16*q - 6. Let d(v) = 9*v**2 - 33*v + 13. Let n(m) = -7*c(m) - 3*d(m). List the prime factors of n(l).
3, 17
Let 